{"id":1067,"date":"2019-07-17T10:35:32","date_gmt":"2019-07-17T08:35:32","guid":{"rendered":"http:\/\/falgas-cp491.wordpresstemporal.com\/giudicato\/"},"modified":"2019-07-17T10:35:32","modified_gmt":"2019-07-17T08:35:32","slug":"giudicato","status":"publish","type":"page","link":"https:\/\/falgas.net\/it\/giudicato\/","title":{"rendered":"Giudicato"},"content":{"rendered":"\t\t<div data-elementor-type=\"wp-post\" data-elementor-id=\"1067\" class=\"elementor elementor-1067 elementor-485\">\n\t\t\t\t\t\t<section class=\"elementor-section elementor-top-section elementor-element elementor-element-9f263c8 elementor-section-height-min-height elementor-section-boxed elementor-section-height-default elementor-section-items-middle\" data-id=\"9f263c8\" data-element_type=\"section\" data-e-type=\"section\" data-settings=\"{&quot;background_background&quot;:&quot;classic&quot;}\">\n\t\t\t\t\t\t<div class=\"elementor-container elementor-column-gap-default\">\n\t\t\t\t\t<div class=\"elementor-column elementor-col-100 elementor-top-column elementor-element elementor-element-2feaa86\" data-id=\"2feaa86\" data-element_type=\"column\" data-e-type=\"column\">\n\t\t\t<div class=\"elementor-widget-wrap elementor-element-populated\">\n\t\t\t\t\t\t<div class=\"elementor-element elementor-element-05add56 elementor-widget elementor-widget-heading\" data-id=\"05add56\" data-element_type=\"widget\" data-e-type=\"widget\" data-widget_type=\"heading.default\">\n\t\t\t\t<div class=\"elementor-widget-container\">\n\t\t\t\t\t<h1 class=\"elementor-heading-title elementor-size-default\">\u00bfDonde est\u00e1n los juzgados de Figueres?<\/h1>\t\t\t\t<\/div>\n\t\t\t\t<\/div>\n\t\t\t\t\t<\/div>\n\t\t<\/div>\n\t\t\t\t\t<\/div>\n\t\t<\/section>\n\t\t\t\t<section class=\"elementor-section elementor-top-section elementor-element elementor-element-0c37f19 elementor-section-boxed elementor-section-height-default elementor-section-height-default\" data-id=\"0c37f19\" data-element_type=\"section\" data-e-type=\"section\">\n\t\t\t\t\t\t<div class=\"elementor-container elementor-column-gap-default\">\n\t\t\t\t\t<div class=\"elementor-column elementor-col-50 elementor-top-column elementor-element elementor-element-bb4b092\" data-id=\"bb4b092\" data-element_type=\"column\" data-e-type=\"column\">\n\t\t\t<div class=\"elementor-widget-wrap elementor-element-populated\">\n\t\t\t\t\t\t<div class=\"elementor-element elementor-element-fb5ecf1 elementor-widget elementor-widget-google_maps\" data-id=\"fb5ecf1\" data-element_type=\"widget\" data-e-type=\"widget\" data-widget_type=\"google_maps.default\">\n\t\t\t\t<div class=\"elementor-widget-container\">\n\t\t\t\t\t\t\t<div class=\"elementor-custom-embed\">\n\t\t\t<iframe loading=\"lazy\"\n\t\t\t\t\tsrc=\"https:\/\/maps.google.com\/maps?q=Carrer%20de%20l%27Almera%2C%2030&#038;t=m&#038;z=17&#038;output=embed&#038;iwloc=near\"\n\t\t\t\t\ttitle=\"Carrer de l&#039;Almera, 30\"\n\t\t\t\t\taria-label=\"Carrer de l&#039;Almera, 30\"\n\t\t\t><\/iframe>\n\t\t<\/div>\n\t\t\t\t\t\t<\/div>\n\t\t\t\t<\/div>\n\t\t\t\t\t<\/div>\n\t\t<\/div>\n\t\t\t\t<div class=\"elementor-column elementor-col-50 elementor-top-column elementor-element elementor-element-7bee1f8\" data-id=\"7bee1f8\" data-element_type=\"column\" data-e-type=\"column\">\n\t\t\t<div class=\"elementor-widget-wrap elementor-element-populated\">\n\t\t\t\t\t\t<div class=\"elementor-element elementor-element-044f83e elementor-widget elementor-widget-heading\" data-id=\"044f83e\" data-element_type=\"widget\" data-e-type=\"widget\" data-widget_type=\"heading.default\">\n\t\t\t\t<div class=\"elementor-widget-container\">\n\t\t\t\t\t<h2 class=\"elementor-heading-title elementor-size-default\">Tel\u00e9fonos de juzgados<\/h2>\t\t\t\t<\/div>\n\t\t\t\t<\/div>\n\t\t\t\t<div class=\"elementor-element elementor-element-a7ca02b elementor-widget elementor-widget-text-editor\" data-id=\"a7ca02b\" data-element_type=\"widget\" data-e-type=\"widget\" data-widget_type=\"text-editor.default\">\n\t\t\t\t<div class=\"elementor-widget-container\">\n\t\t\t\t\t\t\t\t\t<ul style=\"padding-left: 0px; overflow: hidden; list-style-type: none; color: #000112; font-family: 'Open Sans'; font-size: 15px; letter-spacing: 0.2px; background-color: #fbfbfb; margin-bottom: 10px !important;\">\n<li>Juzgado de Guardia &#8211; 972 94 35 30<\/li>\n<li>Juzgado de Primera Instancia 1 &#8211; 972 94 35 11<\/li>\n<li>Juzgado de Primera Instancia 2 &#8211; 972 94 35 12<\/li>\n<li>Juzgado de Primera Instancia 3 &#8211; 972 94 35 13<\/li>\n<li>Juzgado de Primera Instancia 4 &#8211; 972 94 35 14<\/li>\n<li>Juzgado de Primera Instancia 5 &#8211; 972 94 35 15<\/li>\n<li>Juzgado de Primera Instancia 6 &#8211; 972 94 35 16<\/li>\n<li>Juzgado de Primera Instancia 7 &#8211; 972 94 35 17<\/li>\n<li>Juzgado de Primera Instancia 8 &#8211; 972 94 36 15<\/li>\n<li>Juzgado Penal n\u00ba1 \u2013 972 94 35 21<\/li>\n<li>Juzgado Penal n\u00ba2 \u2013 972 94 35 22<\/li>\n<li>Juzgado del social \u2013 972 94 35 31<\/li>\n<\/ul>\n\t\t\t\t\t\t\t\t<\/div>\n\t\t\t\t<\/div>\n\t\t\t\t\t<\/div>\n\t\t<\/div>\n\t\t\t\t\t<\/div>\n\t\t<\/section>\n\t\t\t\t<\/div>\n\t\t","protected":false},"excerpt":{"rendered":"<p>\u00bfDonde est\u00e1n los juzgados de Figueres? Tel\u00e9fonos de juzgados Juzgado de Guardia &#8211; 972 94 35 30 Juzgado de Primera Instancia 1 &#8211; 972 94 35 11 Juzgado de Primera Instancia 2 &#8211; 972 94 &#8230; <\/p>\n<p class=\"read-more-container\"><a title=\"Giudicato\" class=\"read-more button\" href=\"https:\/\/falgas.net\/it\/giudicato\/#more-1067\" aria-label=\"Per saperne di pi\u00f9 su Giudicato\">Read More<\/a><\/p>\n","protected":false},"author":1,"featured_media":0,"parent":0,"menu_order":0,"comment_status":"closed","ping_status":"closed","template":"","meta":{"footnotes":""},"class_list":{"0":"post-1067","1":"page","2":"type-page","3":"status-publish","5":"no-featured-image-padding"},"yoast_head":"<!-- This site is optimized with the Yoast SEO plugin v27.1.1 - https:\/\/yoast.com\/product\/yoast-seo-wordpress\/ -->\n<title>Giudicato - Falgas<\/title>\n<meta name=\"description\" content=\"Bufete jur\u00eddico Falg\u00e0s, ubicado en Figueres, le ayuda con la asesor\u00eda jur\u00eddica en derecho de familia, penal, laboral, mercantil, extranjer\u00eda y derecho civil nacional\" \/>\n<meta name=\"robots\" content=\"index, follow, max-snippet:-1, max-image-preview:large, max-video-preview:-1\" \/>\n<link rel=\"canonical\" href=\"https:\/\/falgas.net\/it\/giudicato\/\" \/>\n<meta property=\"og:locale\" content=\"it_IT\" \/>\n<meta property=\"og:type\" content=\"article\" \/>\n<meta property=\"og:title\" content=\"Giudicato - Falgas\" \/>\n<meta property=\"og:description\" content=\"Bufete jur\u00eddico Falg\u00e0s, ubicado en Figueres, le ayuda con la asesor\u00eda jur\u00eddica en derecho de familia, penal, laboral, mercantil, extranjer\u00eda y derecho civil nacional\" \/>\n<meta property=\"og:url\" content=\"https:\/\/falgas.net\/it\/giudicato\/\" \/>\n<meta property=\"og:site_name\" content=\"Falgas\" \/>\n<meta name=\"twitter:card\" content=\"summary_large_image\" \/>\n<script type=\"application\/ld+json\" class=\"yoast-schema-graph\">{\"@context\":\"https:\/\/schema.org\",\"@graph\":[{\"@type\":\"WebPage\",\"@id\":\"https:\/\/falgas.net\/it\/giudicato\/\",\"url\":\"https:\/\/falgas.net\/it\/giudicato\/\",\"name\":\"Giudicato - Falgas\",\"isPartOf\":{\"@id\":\"https:\/\/falgas.net\/it\/#website\"},\"datePublished\":\"2019-07-17T08:35:32+00:00\",\"description\":\"Bufete jur\u00eddico Falg\u00e0s, ubicado en Figueres, le ayuda con la asesor\u00eda jur\u00eddica en derecho de familia, penal, laboral, mercantil, extranjer\u00eda y derecho civil nacional\",\"breadcrumb\":{\"@id\":\"https:\/\/falgas.net\/it\/giudicato\/#breadcrumb\"},\"inLanguage\":\"it-IT\",\"potentialAction\":[{\"@type\":\"ReadAction\",\"target\":[\"https:\/\/falgas.net\/it\/giudicato\/\"]}]},{\"@type\":\"BreadcrumbList\",\"@id\":\"https:\/\/falgas.net\/it\/giudicato\/#breadcrumb\",\"itemListElement\":[{\"@type\":\"ListItem\",\"position\":1,\"name\":\"Portada\",\"item\":\"https:\/\/falgas.net\/it\/\"},{\"@type\":\"ListItem\",\"position\":2,\"name\":\"Giudicato\"}]},{\"@type\":\"WebSite\",\"@id\":\"https:\/\/falgas.net\/it\/#website\",\"url\":\"https:\/\/falgas.net\/it\/\",\"name\":\"Falgas\",\"description\":\"Otro sitio realizado con WordPress\",\"publisher\":{\"@id\":\"https:\/\/falgas.net\/it\/#organization\"},\"potentialAction\":[{\"@type\":\"SearchAction\",\"target\":{\"@type\":\"EntryPoint\",\"urlTemplate\":\"https:\/\/falgas.net\/it\/?s={search_term_string}\"},\"query-input\":{\"@type\":\"PropertyValueSpecification\",\"valueRequired\":true,\"valueName\":\"search_term_string\"}}],\"inLanguage\":\"it-IT\"},{\"@type\":\"Organization\",\"@id\":\"https:\/\/falgas.net\/it\/#organization\",\"name\":\"Falg\u00e0s\",\"url\":\"https:\/\/falgas.net\/it\/\",\"logo\":{\"@type\":\"ImageObject\",\"inLanguage\":\"it-IT\",\"@id\":\"https:\/\/falgas.net\/it\/#\/schema\/logo\/image\/\",\"url\":\"https:\/\/falgas.net\/wp-content\/uploads\/2019\/07\/logo-gloria-falgas-1024x344.png\",\"contentUrl\":\"https:\/\/falgas.net\/wp-content\/uploads\/2019\/07\/logo-gloria-falgas-1024x344.png\",\"width\":1024,\"height\":344,\"caption\":\"Falg\u00e0s\"},\"image\":{\"@id\":\"https:\/\/falgas.net\/it\/#\/schema\/logo\/image\/\"}}]}<\/script>\n<!-- \/ Yoast SEO plugin. -->","yoast_head_json":{"title":"Giudicato - Falgas","description":"Bufete jur\u00eddico Falg\u00e0s, ubicado en Figueres, le ayuda con la asesor\u00eda jur\u00eddica en derecho de familia, penal, laboral, mercantil, extranjer\u00eda y derecho civil nacional","robots":{"index":"index","follow":"follow","max-snippet":"max-snippet:-1","max-image-preview":"max-image-preview:large","max-video-preview":"max-video-preview:-1"},"canonical":"https:\/\/falgas.net\/it\/giudicato\/","og_locale":"it_IT","og_type":"article","og_title":"Giudicato - Falgas","og_description":"Bufete jur\u00eddico Falg\u00e0s, ubicado en Figueres, le ayuda con la asesor\u00eda jur\u00eddica en derecho de familia, penal, laboral, mercantil, extranjer\u00eda y derecho civil nacional","og_url":"https:\/\/falgas.net\/it\/giudicato\/","og_site_name":"Falgas","twitter_card":"summary_large_image","schema":{"@context":"https:\/\/schema.org","@graph":[{"@type":"WebPage","@id":"https:\/\/falgas.net\/it\/giudicato\/","url":"https:\/\/falgas.net\/it\/giudicato\/","name":"Giudicato - Falgas","isPartOf":{"@id":"https:\/\/falgas.net\/it\/#website"},"datePublished":"2019-07-17T08:35:32+00:00","description":"Bufete jur\u00eddico Falg\u00e0s, ubicado en Figueres, le ayuda con la asesor\u00eda jur\u00eddica en derecho de familia, penal, laboral, mercantil, extranjer\u00eda y derecho civil nacional","breadcrumb":{"@id":"https:\/\/falgas.net\/it\/giudicato\/#breadcrumb"},"inLanguage":"it-IT","potentialAction":[{"@type":"ReadAction","target":["https:\/\/falgas.net\/it\/giudicato\/"]}]},{"@type":"BreadcrumbList","@id":"https:\/\/falgas.net\/it\/giudicato\/#breadcrumb","itemListElement":[{"@type":"ListItem","position":1,"name":"Portada","item":"https:\/\/falgas.net\/it\/"},{"@type":"ListItem","position":2,"name":"Giudicato"}]},{"@type":"WebSite","@id":"https:\/\/falgas.net\/it\/#website","url":"https:\/\/falgas.net\/it\/","name":"Falgas","description":"Otro sitio realizado con WordPress","publisher":{"@id":"https:\/\/falgas.net\/it\/#organization"},"potentialAction":[{"@type":"SearchAction","target":{"@type":"EntryPoint","urlTemplate":"https:\/\/falgas.net\/it\/?s={search_term_string}"},"query-input":{"@type":"PropertyValueSpecification","valueRequired":true,"valueName":"search_term_string"}}],"inLanguage":"it-IT"},{"@type":"Organization","@id":"https:\/\/falgas.net\/it\/#organization","name":"Falg\u00e0s","url":"https:\/\/falgas.net\/it\/","logo":{"@type":"ImageObject","inLanguage":"it-IT","@id":"https:\/\/falgas.net\/it\/#\/schema\/logo\/image\/","url":"https:\/\/falgas.net\/wp-content\/uploads\/2019\/07\/logo-gloria-falgas-1024x344.png","contentUrl":"https:\/\/falgas.net\/wp-content\/uploads\/2019\/07\/logo-gloria-falgas-1024x344.png","width":1024,"height":344,"caption":"Falg\u00e0s"},"image":{"@id":"https:\/\/falgas.net\/it\/#\/schema\/logo\/image\/"}}]}},"_links":{"self":[{"href":"https:\/\/falgas.net\/it\/wp-json\/wp\/v2\/pages\/1067","targetHints":{"allow":["GET"]}}],"collection":[{"href":"https:\/\/falgas.net\/it\/wp-json\/wp\/v2\/pages"}],"about":[{"href":"https:\/\/falgas.net\/it\/wp-json\/wp\/v2\/types\/page"}],"author":[{"embeddable":true,"href":"https:\/\/falgas.net\/it\/wp-json\/wp\/v2\/users\/1"}],"replies":[{"embeddable":true,"href":"https:\/\/falgas.net\/it\/wp-json\/wp\/v2\/comments?post=1067"}],"version-history":[{"count":1,"href":"https:\/\/falgas.net\/it\/wp-json\/wp\/v2\/pages\/1067\/revisions"}],"predecessor-version":[{"id":1068,"href":"https:\/\/falgas.net\/it\/wp-json\/wp\/v2\/pages\/1067\/revisions\/1068"}],"wp:attachment":[{"href":"https:\/\/falgas.net\/it\/wp-json\/wp\/v2\/media?parent=1067"}],"curies":[{"name":"wp","href":"https:\/\/api.w.org\/{rel}","templated":true}]}}

<div data-elementor-type="wp-post" data-elementor-id="1067" class="elementor elementor-1067 elementor-485">
						<section class="elementor-section elementor-top-section elementor-element elementor-element-9f263c8 elementor-section-height-min-height elementor-section-boxed elementor-section-height-default elementor-section-items-middle" data-id="9f263c8" data-element_type="section" data-e-type="section" data-settings="{&quot;background_background&quot;:&quot;classic&quot;}">
						<div class="elementor-container elementor-column-gap-default">
					<div class="elementor-column elementor-col-100 elementor-top-column elementor-element elementor-element-2feaa86" data-id="2feaa86" data-element_type="column" data-e-type="column">
			<div class="elementor-widget-wrap elementor-element-populated">
						<div class="elementor-element elementor-element-05add56 elementor-widget elementor-widget-heading" data-id="05add56" data-element_type="widget" data-e-type="widget" data-widget_type="heading.default">
				<div class="elementor-widget-container">
					<h1 class="elementor-heading-title elementor-size-default">¿Donde están los juzgados de Figueres?</h1>				</div>
				</div>
					</div>
		</div>
					</div>
		</section>
				<section class="elementor-section elementor-top-section elementor-element elementor-element-0c37f19 elementor-section-boxed elementor-section-height-default elementor-section-height-default" data-id="0c37f19" data-element_type="section" data-e-type="section">
						<div class="elementor-container elementor-column-gap-default">
					<div class="elementor-column elementor-col-50 elementor-top-column elementor-element elementor-element-bb4b092" data-id="bb4b092" data-element_type="column" data-e-type="column">
			<div class="elementor-widget-wrap elementor-element-populated">
						<div class="elementor-element elementor-element-fb5ecf1 elementor-widget elementor-widget-google_maps" data-id="fb5ecf1" data-element_type="widget" data-e-type="widget" data-widget_type="google_maps.default">
				<div class="elementor-widget-container">
							<div class="elementor-custom-embed">
			<iframe loading="lazy"
					src="https://maps.google.com/maps?q=Carrer%20de%20l%27Almera%2C%2030&#038;t=m&#038;z=17&#038;output=embed&#038;iwloc=near"
					title="Carrer de l&#039;Almera, 30"
					aria-label="Carrer de l&#039;Almera, 30"
			></iframe>
		</div>
						</div>
				</div>
					</div>
		</div>
				<div class="elementor-column elementor-col-50 elementor-top-column elementor-element elementor-element-7bee1f8" data-id="7bee1f8" data-element_type="column" data-e-type="column">
			<div class="elementor-widget-wrap elementor-element-populated">
						<div class="elementor-element elementor-element-044f83e elementor-widget elementor-widget-heading" data-id="044f83e" data-element_type="widget" data-e-type="widget" data-widget_type="heading.default">
				<div class="elementor-widget-container">
					<h2 class="elementor-heading-title elementor-size-default">Teléfonos de juzgados</h2>				</div>
				</div>
				<div class="elementor-element elementor-element-a7ca02b elementor-widget elementor-widget-text-editor" data-id="a7ca02b" data-element_type="widget" data-e-type="widget" data-widget_type="text-editor.default">
				<div class="elementor-widget-container">
									<ul style="padding-left: 0px; overflow: hidden; list-style-type: none; color: #000112; font-family: 'Open Sans'; font-size: 15px; letter-spacing: 0.2px; background-color: #fbfbfb; margin-bottom: 10px !important;">
<li>Juzgado de Guardia &#8211; 972 94 35 30</li>
<li>Juzgado de Primera Instancia 1 &#8211; 972 94 35 11</li>
<li>Juzgado de Primera Instancia 2 &#8211; 972 94 35 12</li>
<li>Juzgado de Primera Instancia 3 &#8211; 972 94 35 13</li>
<li>Juzgado de Primera Instancia 4 &#8211; 972 94 35 14</li>
<li>Juzgado de Primera Instancia 5 &#8211; 972 94 35 15</li>
<li>Juzgado de Primera Instancia 6 &#8211; 972 94 35 16</li>
<li>Juzgado de Primera Instancia 7 &#8211; 972 94 35 17</li>
<li>Juzgado de Primera Instancia 8 &#8211; 972 94 36 15</li>
<li>Juzgado Penal nº1 – 972 94 35 21</li>
<li>Juzgado Penal nº2 – 972 94 35 22</li>
<li>Juzgado del social – 972 94 35 31</li>
</ul>
								</div>
				</div>
					</div>
		</div>
					</div>
		</section>
				</div>

<p>¿Donde están los juzgados de Figueres? Teléfonos de juzgados Juzgado de Guardia &#8211; 972 94 35 30 Juzgado de Primera Instancia 1 &#8211; 972 94 35 11 Juzgado de Primera Instancia 2 &#8211; 972 94 &#8230; </p>
<p class="read-more-container"><a title="Giudicato" class="read-more button" href="https://falgas.net/it/giudicato/#more-1067" aria-label="Per saperne di più su Giudicato">Read More</a></p>

<!-- This site is optimized with the Yoast SEO plugin v27.1.1 - https://yoast.com/product/yoast-seo-wordpress/ -->
<title>Giudicato - Falgas</title>
<meta name="description" content="Bufete jurídico Falgàs, ubicado en Figueres, le ayuda con la asesoría jurídica en derecho de familia, penal, laboral, mercantil, extranjería y derecho civil nacional" />
<meta name="robots" content="index, follow, max-snippet:-1, max-image-preview:large, max-video-preview:-1" />
<link rel="canonical" href="https://falgas.net/it/giudicato/" />
<meta property="og:locale" content="it_IT" />
<meta property="og:type" content="article" />
<meta property="og:title" content="Giudicato - Falgas" />
<meta property="og:description" content="Bufete jurídico Falgàs, ubicado en Figueres, le ayuda con la asesoría jurídica en derecho de familia, penal, laboral, mercantil, extranjería y derecho civil nacional" />
<meta property="og:url" content="https://falgas.net/it/giudicato/" />
<meta property="og:site_name" content="Falgas" />
<meta name="twitter:card" content="summary_large_image" />
<script type="application/ld+json" class="yoast-schema-graph">{"@context":"https://schema.org","@graph":[{"@type":"WebPage","@id":"https://falgas.net/it/giudicato/","url":"https://falgas.net/it/giudicato/","name":"Giudicato - Falgas","isPartOf":{"@id":"https://falgas.net/it/#website"},"datePublished":"2019-07-17T08:35:32+00:00","description":"Bufete jurídico Falgàs, ubicado en Figueres, le ayuda con la asesoría jurídica en derecho de familia, penal, laboral, mercantil, extranjería y derecho civil nacional","breadcrumb":{"@id":"https://falgas.net/it/giudicato/#breadcrumb"},"inLanguage":"it-IT","potentialAction":[{"@type":"ReadAction","target":["https://falgas.net/it/giudicato/"]}]},{"@type":"BreadcrumbList","@id":"https://falgas.net/it/giudicato/#breadcrumb","itemListElement":[{"@type":"ListItem","position":1,"name":"Portada","item":"https://falgas.net/it/"},{"@type":"ListItem","position":2,"name":"Giudicato"}]},{"@type":"WebSite","@id":"https://falgas.net/it/#website","url":"https://falgas.net/it/","name":"Falgas","description":"Otro sitio realizado con WordPress","publisher":{"@id":"https://falgas.net/it/#organization"},"potentialAction":[{"@type":"SearchAction","target":{"@type":"EntryPoint","urlTemplate":"https://falgas.net/it/?s={search_term_string}"},"query-input":{"@type":"PropertyValueSpecification","valueRequired":true,"valueName":"search_term_string"}}],"inLanguage":"it-IT"},{"@type":"Organization","@id":"https://falgas.net/it/#organization","name":"Falgàs","url":"https://falgas.net/it/","logo":{"@type":"ImageObject","inLanguage":"it-IT","@id":"https://falgas.net/it/#/schema/logo/image/","url":"https://falgas.net/wp-content/uploads/2019/07/logo-gloria-falgas-1024x344.png","contentUrl":"https://falgas.net/wp-content/uploads/2019/07/logo-gloria-falgas-1024x344.png","width":1024,"height":344,"caption":"Falgàs"},"image":{"@id":"https://falgas.net/it/#/schema/logo/image/"}}]}</script>
<!-- / Yoast SEO plugin. -->

Bufete jurídico Falgàs, ubicado en Figueres, le ayuda con la asesoría jurídica en derecho de familia, penal, laboral, mercantil, extranjería y derecho civil nacional

Falgàs
